{"id":868,"date":"2021-02-18T09:40:24","date_gmt":"2021-02-18T09:40:24","guid":{"rendered":"http:\/\/www.robertoguillen.com\/?page_id=868"},"modified":"2021-02-18T09:43:49","modified_gmt":"2021-02-18T09:43:49","slug":"spam-2020","status":"publish","type":"page","link":"http:\/\/www.robertoguillen.com\/?page_id=868","title":{"rendered":"SPAM 2020."},"content":{"rendered":"\n<p>La idea de este proyecto era realizar el listado (con Hiperv\u00edculos) de todos los correos catalogados como SPAM que recibo durante el a\u00f1o en mi correo personal. Durante el a\u00f1o 2018, pude realizar este proyecto de una forma m\u00e1s o menos decente. Ya que el flujo de dichos correos era peque\u00f1o. De entre dos y diez al d\u00eda. Con lo que me permit\u00eda poder ir actualizando la lista de registro manualmente.<\/p>\n\n\n\n<p>Pero a partir del a\u00f1o 2019, debido a que el flujo de dichos correos se multiplica como un cohete, llevar a cabo el proyecto de transcripci\u00f3n se me hace imposible. Con lo que opt\u00e9 por cuantificar\/acumular pero no listar. De esta manera, La totalidad de correos <strong><em>SPAM<\/em><\/strong> recibidos durante el a\u00f1o 2020 en mi cuenta de correo personal ha sido de <strong>10947<\/strong>. Y al igual que durante el a\u00f1o 2019, durante el a\u00f1o 2020 la inmensa mayor\u00eda de ellos a sido de \u00edndole sexual.<\/p>\n\n\n\n<p><strong>La basura digital contin\u00faa fluyendo.<\/strong><\/p>\n","protected":false},"excerpt":{"rendered":"<p>La idea de este proyecto era realizar el listado (con Hiperv\u00edculos) de todos los correos catalogados como SPAM que recibo durante el a\u00f1o en mi correo personal. Durante el a\u00f1o 2018, pude realizar este proyecto de una forma m\u00e1s o menos decente. Ya que el flujo de dichos correos era peque\u00f1o. De entre dos y&hellip; <a class=\"more-link\" href=\"http:\/\/www.robertoguillen.com\/?page_id=868\">Seguir leyendo <span class=\"screen-reader-text\">SPAM 2020.<\/span><\/a><\/p>\n","protected":false},"author":1,"featured_media":0,"parent":0,"menu_order":0,"comment_status":"closed","ping_status":"closed","template":"","meta":[],"_links":{"self":[{"href":"http:\/\/www.robertoguillen.com\/index.php?rest_route=\/wp\/v2\/pages\/868"}],"collection":[{"href":"http:\/\/www.robertoguillen.com\/index.php?rest_route=\/wp\/v2\/pages"}],"about":[{"href":"http:\/\/www.robertoguillen.com\/index.php?rest_route=\/wp\/v2\/types\/page"}],"author":[{"embeddable":true,"href":"http:\/\/www.robertoguillen.com\/index.php?rest_route=\/wp\/v2\/users\/1"}],"replies":[{"embeddable":true,"href":"http:\/\/www.robertoguillen.com\/index.php?rest_route=%2Fwp%2Fv2%2Fcomments&post=868"}],"version-history":[{"count":3,"href":"http:\/\/www.robertoguillen.com\/index.php?rest_route=\/wp\/v2\/pages\/868\/revisions"}],"predecessor-version":[{"id":872,"href":"http:\/\/www.robertoguillen.com\/index.php?rest_route=\/wp\/v2\/pages\/868\/revisions\/872"}],"wp:attachment":[{"href":"http:\/\/www.robertoguillen.com\/index.php?rest_route=%2Fwp%2Fv2%2Fmedia&parent=868"}],"curies":[{"name":"wp","href":"https:\/\/api.w.org\/{rel}","templated":true}]}}