{"id":730,"date":"2019-05-08T20:57:19","date_gmt":"2019-05-08T20:57:19","guid":{"rendered":"http:\/\/www.robertoguillen.com\/?page_id=730"},"modified":"2020-06-05T12:25:14","modified_gmt":"2020-06-05T12:25:14","slug":"2019-2","status":"publish","type":"page","link":"http:\/\/www.robertoguillen.com\/?page_id=730","title":{"rendered":"2019"},"content":{"rendered":"<p>Obras Pl\u00e1sticas del a\u00f1o dos mil diecinueve.<\/p>\n<p>Sigo explorando el camino que se abri\u00f3 a finales del a\u00f1o 2017. Me presento ante una superficie en blanco y empiezo a escribir. A expresarme. Por el momento, no hay final. Solo cambios y sintaxis.<\/p>\n<hr>\n<p><img loading=\"lazy\" class=\"size-full wp-image-733 alignnone\" src=\"http:\/\/www.robertoguillen.com\/wp-content\/uploads\/2019\/05\/Pan-Rancio-Y-Chupitos-De-Jagger-210x190-2019.jpg\" alt=\"\" width=\"1024\" height=\"768\" srcset=\"http:\/\/www.robertoguillen.com\/wp-content\/uploads\/2019\/05\/Pan-Rancio-Y-Chupitos-De-Jagger-210x190-2019.jpg 1024w, http:\/\/www.robertoguillen.com\/wp-content\/uploads\/2019\/05\/Pan-Rancio-Y-Chupitos-De-Jagger-210x190-2019-300x225.jpg 300w, http:\/\/www.robertoguillen.com\/wp-content\/uploads\/2019\/05\/Pan-Rancio-Y-Chupitos-De-Jagger-210x190-2019-768x576.jpg 768w\" sizes=\"(max-width: 1024px) 100vw, 1024px\" \/><\/p>\n<p style=\"text-align: center;\"><strong>T\u00edtulo:<\/strong> Pan Rancio y Chupitos de Jagger.<br><strong>Medidas:<\/strong> 210&#215;190.<br><strong>T\u00e9cnica: <\/strong>Spray&nbsp; sobre tela.<br><strong>A\u00f1o:<\/strong> 2019.<\/p>\n<hr>\n<p><img loading=\"lazy\" class=\"aligncenter size-full wp-image-732\" src=\"http:\/\/www.robertoguillen.com\/wp-content\/uploads\/2019\/05\/DejateDeHostias-120x90-Mixta-sobre-madera-2019.jpg\" alt=\"\" width=\"768\" height=\"1024\" srcset=\"http:\/\/www.robertoguillen.com\/wp-content\/uploads\/2019\/05\/DejateDeHostias-120x90-Mixta-sobre-madera-2019.jpg 768w, http:\/\/www.robertoguillen.com\/wp-content\/uploads\/2019\/05\/DejateDeHostias-120x90-Mixta-sobre-madera-2019-225x300.jpg 225w\" sizes=\"(max-width: 768px) 100vw, 768px\" \/><\/p>\n<p style=\"text-align: center;\"><strong>T\u00edtulo:<\/strong> D\u00e9jate de Hostias.<br><strong>Medidas:<\/strong> 120&#215;90.<br><strong>T\u00e9cnica: <\/strong>Spray , tinta y l\u00e1piz sobre madera.<br><strong>A\u00f1o:<\/strong> 2019.<\/p>\n<hr>\n<p style=\"text-align: center;\"><strong><img loading=\"lazy\" class=\"aligncenter size-full wp-image-762\" src=\"http:\/\/www.robertoguillen.com\/wp-content\/uploads\/2020\/03\/Im-Just-a-Pretty-Boy-Triptico-195x90-2019-BAJA.jpg\" alt=\"\" width=\"1250\" height=\"577\" srcset=\"http:\/\/www.robertoguillen.com\/wp-content\/uploads\/2020\/03\/Im-Just-a-Pretty-Boy-Triptico-195x90-2019-BAJA.jpg 1250w, http:\/\/www.robertoguillen.com\/wp-content\/uploads\/2020\/03\/Im-Just-a-Pretty-Boy-Triptico-195x90-2019-BAJA-300x138.jpg 300w, http:\/\/www.robertoguillen.com\/wp-content\/uploads\/2020\/03\/Im-Just-a-Pretty-Boy-Triptico-195x90-2019-BAJA-1024x473.jpg 1024w, http:\/\/www.robertoguillen.com\/wp-content\/uploads\/2020\/03\/Im-Just-a-Pretty-Boy-Triptico-195x90-2019-BAJA-768x355.jpg 768w\" sizes=\"(max-width: 1250px) 100vw, 1250px\" \/>T\u00edtulo: <\/strong>I&#8217;m Just a Pretty Boy (Tr\u00edptico).<br><strong>Medidas:<\/strong> 195&#215;90.<br><strong>T\u00e9cnica:<\/strong> Acr\u00edlico, Spray , L\u00e1piz y Cray\u00f3n sobre tela.<br><strong>A\u00f1o:<\/strong> 2019.<\/p>\n<h6 style=\"text-align: center;\">Izq: Supermercado de sentimientos.<br>Centro: Tres despertadores despu\u00e9s.<br>Derecha: Ojal\u00e1 te inviten a la fiesta.<\/h6>\n<hr>\n<p style=\"text-align: center;\"><strong><img loading=\"lazy\" class=\"aligncenter size-full wp-image-772\" src=\"http:\/\/www.robertoguillen.com\/wp-content\/uploads\/2020\/03\/No-est\u00e1s-invitado-a-tu-trigesimo-s\u00e9ptimo-cumplea\u00f1os-120x100-2019.jpg\" alt=\"\" width=\"878\" height=\"1250\" srcset=\"http:\/\/www.robertoguillen.com\/wp-content\/uploads\/2020\/03\/No-est\u00e1s-invitado-a-tu-trigesimo-s\u00e9ptimo-cumplea\u00f1os-120x100-2019.jpg 878w, http:\/\/www.robertoguillen.com\/wp-content\/uploads\/2020\/03\/No-est\u00e1s-invitado-a-tu-trigesimo-s\u00e9ptimo-cumplea\u00f1os-120x100-2019-211x300.jpg 211w, http:\/\/www.robertoguillen.com\/wp-content\/uploads\/2020\/03\/No-est\u00e1s-invitado-a-tu-trigesimo-s\u00e9ptimo-cumplea\u00f1os-120x100-2019-719x1024.jpg 719w, http:\/\/www.robertoguillen.com\/wp-content\/uploads\/2020\/03\/No-est\u00e1s-invitado-a-tu-trigesimo-s\u00e9ptimo-cumplea\u00f1os-120x100-2019-768x1093.jpg 768w\" sizes=\"(max-width: 878px) 100vw, 878px\" \/>T\u00edtulo: <\/strong>No est\u00e1s invitado a tu trigesimo s\u00e9ptimo cumplea\u00f1os.<br><strong>Medidas:<\/strong> 120&#215;100.<br><strong>T\u00e9cnica:<\/strong> Acr\u00edlico, Spray y Tinta sobre tela.<br><strong>A\u00f1o:<\/strong> 2019.<\/p>\n<hr>\n<p style=\"text-align: center;\"><strong><img loading=\"lazy\" class=\"aligncenter size-full wp-image-773\" src=\"http:\/\/www.robertoguillen.com\/wp-content\/uploads\/2020\/03\/Esto-no-es-una-fiesta-de-cuarenta-personas-120x100-2019.jpg\" alt=\"\" width=\"914\" height=\"1250\" srcset=\"http:\/\/www.robertoguillen.com\/wp-content\/uploads\/2020\/03\/Esto-no-es-una-fiesta-de-cuarenta-personas-120x100-2019.jpg 914w, http:\/\/www.robertoguillen.com\/wp-content\/uploads\/2020\/03\/Esto-no-es-una-fiesta-de-cuarenta-personas-120x100-2019-219x300.jpg 219w, http:\/\/www.robertoguillen.com\/wp-content\/uploads\/2020\/03\/Esto-no-es-una-fiesta-de-cuarenta-personas-120x100-2019-749x1024.jpg 749w, http:\/\/www.robertoguillen.com\/wp-content\/uploads\/2020\/03\/Esto-no-es-una-fiesta-de-cuarenta-personas-120x100-2019-768x1050.jpg 768w\" sizes=\"(max-width: 914px) 100vw, 914px\" \/>T\u00edtulo: <\/strong>Esto no es una fiesta de cuarenta personas.<br><strong>Medidas:<\/strong> 120&#215;100.<br><strong>T\u00e9cnica:<\/strong> Acr\u00edlico, Spray y Tinta sobre tela.<br><strong>A\u00f1o:<\/strong> 2019.<\/p>\n<hr>\n<p><img loading=\"lazy\" class=\"aligncenter size-full wp-image-779\" src=\"http:\/\/www.robertoguillen.com\/wp-content\/uploads\/2020\/06\/An-Ordinary-Guy-Triptico-55x138-2019.jpg\" alt=\"\" width=\"1250\" height=\"545\" srcset=\"http:\/\/www.robertoguillen.com\/wp-content\/uploads\/2020\/06\/An-Ordinary-Guy-Triptico-55x138-2019.jpg 1250w, http:\/\/www.robertoguillen.com\/wp-content\/uploads\/2020\/06\/An-Ordinary-Guy-Triptico-55x138-2019-300x131.jpg 300w, http:\/\/www.robertoguillen.com\/wp-content\/uploads\/2020\/06\/An-Ordinary-Guy-Triptico-55x138-2019-1024x446.jpg 1024w, http:\/\/www.robertoguillen.com\/wp-content\/uploads\/2020\/06\/An-Ordinary-Guy-Triptico-55x138-2019-768x335.jpg 768w\" sizes=\"(max-width: 1250px) 100vw, 1250px\" \/><\/p>\n<p style=\"text-align: center;\"><strong>T\u00edtulo: <\/strong>An Ordinary Guy (Triptico).<br><strong>Medidas:<\/strong> 55 x 138.<br><strong>T\u00e9cnica:<\/strong> Acr\u00edlico, Spray y L\u00e1piz sobre tela.<br><strong>A\u00f1o:<\/strong> 2019.<\/p>\n<h6 style=\"text-align: center;\">Izq: Estoy borracho, ll\u00e9vame a casa.<br>Centro: Pobre Chico.<br>Derecha: Locos.<\/h6>\n<hr>\n\n\n<p><\/p>\n","protected":false},"excerpt":{"rendered":"<p>Obras Pl\u00e1sticas del a\u00f1o dos mil diecinueve. Sigo explorando el camino que se abri\u00f3 a finales del a\u00f1o 2017. Me presento ante una superficie en blanco y empiezo a escribir. A expresarme. Por el momento, no hay final. Solo cambios y sintaxis. T\u00edtulo: Pan Rancio y Chupitos de Jagger.Medidas: 210&#215;190.T\u00e9cnica: Spray&nbsp; sobre tela.A\u00f1o: 2019. T\u00edtulo:&hellip; <a class=\"more-link\" href=\"http:\/\/www.robertoguillen.com\/?page_id=730\">Seguir leyendo <span class=\"screen-reader-text\">2019<\/span><\/a><\/p>\n","protected":false},"author":1,"featured_media":0,"parent":0,"menu_order":0,"comment_status":"closed","ping_status":"closed","template":"","meta":[],"_links":{"self":[{"href":"http:\/\/www.robertoguillen.com\/index.php?rest_route=\/wp\/v2\/pages\/730"}],"collection":[{"href":"http:\/\/www.robertoguillen.com\/index.php?rest_route=\/wp\/v2\/pages"}],"about":[{"href":"http:\/\/www.robertoguillen.com\/index.php?rest_route=\/wp\/v2\/types\/page"}],"author":[{"embeddable":true,"href":"http:\/\/www.robertoguillen.com\/index.php?rest_route=\/wp\/v2\/users\/1"}],"replies":[{"embeddable":true,"href":"http:\/\/www.robertoguillen.com\/index.php?rest_route=%2Fwp%2Fv2%2Fcomments&post=730"}],"version-history":[{"count":17,"href":"http:\/\/www.robertoguillen.com\/index.php?rest_route=\/wp\/v2\/pages\/730\/revisions"}],"predecessor-version":[{"id":818,"href":"http:\/\/www.robertoguillen.com\/index.php?rest_route=\/wp\/v2\/pages\/730\/revisions\/818"}],"wp:attachment":[{"href":"http:\/\/www.robertoguillen.com\/index.php?rest_route=%2Fwp%2Fv2%2Fmedia&parent=730"}],"curies":[{"name":"wp","href":"https:\/\/api.w.org\/{rel}","templated":true}]}}

<p>Obras Plásticas del año dos mil diecinueve.</p>
<p>Sigo explorando el camino que se abrió a finales del año 2017. Me presento ante una superficie en blanco y empiezo a escribir. A expresarme. Por el momento, no hay final. Solo cambios y sintaxis.</p>
<hr>
<p><img loading="lazy" class="size-full wp-image-733 alignnone" src="http://www.robertoguillen.com/wp-content/uploads/2019/05/Pan-Rancio-Y-Chupitos-De-Jagger-210x190-2019.jpg" alt="" width="1024" height="768" srcset="http://www.robertoguillen.com/wp-content/uploads/2019/05/Pan-Rancio-Y-Chupitos-De-Jagger-210x190-2019.jpg 1024w, http://www.robertoguillen.com/wp-content/uploads/2019/05/Pan-Rancio-Y-Chupitos-De-Jagger-210x190-2019-300x225.jpg 300w, http://www.robertoguillen.com/wp-content/uploads/2019/05/Pan-Rancio-Y-Chupitos-De-Jagger-210x190-2019-768x576.jpg 768w" sizes="(max-width: 1024px) 100vw, 1024px" /></p>
<p style="text-align: center;"><strong>Título:</strong> Pan Rancio y Chupitos de Jagger.<br><strong>Medidas:</strong> 210&#215;190.<br><strong>Técnica: </strong>Spray&nbsp; sobre tela.<br><strong>Año:</strong> 2019.</p>
<hr>
<p><img loading="lazy" class="aligncenter size-full wp-image-732" src="http://www.robertoguillen.com/wp-content/uploads/2019/05/DejateDeHostias-120x90-Mixta-sobre-madera-2019.jpg" alt="" width="768" height="1024" srcset="http://www.robertoguillen.com/wp-content/uploads/2019/05/DejateDeHostias-120x90-Mixta-sobre-madera-2019.jpg 768w, http://www.robertoguillen.com/wp-content/uploads/2019/05/DejateDeHostias-120x90-Mixta-sobre-madera-2019-225x300.jpg 225w" sizes="(max-width: 768px) 100vw, 768px" /></p>
<p style="text-align: center;"><strong>Título:</strong> Déjate de Hostias.<br><strong>Medidas:</strong> 120&#215;90.<br><strong>Técnica: </strong>Spray , tinta y lápiz sobre madera.<br><strong>Año:</strong> 2019.</p>
<hr>
<p style="text-align: center;"><strong><img loading="lazy" class="aligncenter size-full wp-image-762" src="http://www.robertoguillen.com/wp-content/uploads/2020/03/Im-Just-a-Pretty-Boy-Triptico-195x90-2019-BAJA.jpg" alt="" width="1250" height="577" srcset="http://www.robertoguillen.com/wp-content/uploads/2020/03/Im-Just-a-Pretty-Boy-Triptico-195x90-2019-BAJA.jpg 1250w, http://www.robertoguillen.com/wp-content/uploads/2020/03/Im-Just-a-Pretty-Boy-Triptico-195x90-2019-BAJA-300x138.jpg 300w, http://www.robertoguillen.com/wp-content/uploads/2020/03/Im-Just-a-Pretty-Boy-Triptico-195x90-2019-BAJA-1024x473.jpg 1024w, http://www.robertoguillen.com/wp-content/uploads/2020/03/Im-Just-a-Pretty-Boy-Triptico-195x90-2019-BAJA-768x355.jpg 768w" sizes="(max-width: 1250px) 100vw, 1250px" />Título: </strong>I&#8217;m Just a Pretty Boy (Tríptico).<br><strong>Medidas:</strong> 195&#215;90.<br><strong>Técnica:</strong> Acrílico, Spray , Lápiz y Crayón sobre tela.<br><strong>Año:</strong> 2019.</p>
<h6 style="text-align: center;">Izq: Supermercado de sentimientos.<br>Centro: Tres despertadores después.<br>Derecha: Ojalá te inviten a la fiesta.</h6>
<hr>
<p style="text-align: center;"><strong><img loading="lazy" class="aligncenter size-full wp-image-772" src="http://www.robertoguillen.com/wp-content/uploads/2020/03/No-estás-invitado-a-tu-trigesimo-séptimo-cumpleaños-120x100-2019.jpg" alt="" width="878" height="1250" srcset="http://www.robertoguillen.com/wp-content/uploads/2020/03/No-estás-invitado-a-tu-trigesimo-séptimo-cumpleaños-120x100-2019.jpg 878w, http://www.robertoguillen.com/wp-content/uploads/2020/03/No-estás-invitado-a-tu-trigesimo-séptimo-cumpleaños-120x100-2019-211x300.jpg 211w, http://www.robertoguillen.com/wp-content/uploads/2020/03/No-estás-invitado-a-tu-trigesimo-séptimo-cumpleaños-120x100-2019-719x1024.jpg 719w, http://www.robertoguillen.com/wp-content/uploads/2020/03/No-estás-invitado-a-tu-trigesimo-séptimo-cumpleaños-120x100-2019-768x1093.jpg 768w" sizes="(max-width: 878px) 100vw, 878px" />Título: </strong>No estás invitado a tu trigesimo séptimo cumpleaños.<br><strong>Medidas:</strong> 120&#215;100.<br><strong>Técnica:</strong> Acrílico, Spray y Tinta sobre tela.<br><strong>Año:</strong> 2019.</p>
<hr>
<p style="text-align: center;"><strong><img loading="lazy" class="aligncenter size-full wp-image-773" src="http://www.robertoguillen.com/wp-content/uploads/2020/03/Esto-no-es-una-fiesta-de-cuarenta-personas-120x100-2019.jpg" alt="" width="914" height="1250" srcset="http://www.robertoguillen.com/wp-content/uploads/2020/03/Esto-no-es-una-fiesta-de-cuarenta-personas-120x100-2019.jpg 914w, http://www.robertoguillen.com/wp-content/uploads/2020/03/Esto-no-es-una-fiesta-de-cuarenta-personas-120x100-2019-219x300.jpg 219w, http://www.robertoguillen.com/wp-content/uploads/2020/03/Esto-no-es-una-fiesta-de-cuarenta-personas-120x100-2019-749x1024.jpg 749w, http://www.robertoguillen.com/wp-content/uploads/2020/03/Esto-no-es-una-fiesta-de-cuarenta-personas-120x100-2019-768x1050.jpg 768w" sizes="(max-width: 914px) 100vw, 914px" />Título: </strong>Esto no es una fiesta de cuarenta personas.<br><strong>Medidas:</strong> 120&#215;100.<br><strong>Técnica:</strong> Acrílico, Spray y Tinta sobre tela.<br><strong>Año:</strong> 2019.</p>
<hr>
<p><img loading="lazy" class="aligncenter size-full wp-image-779" src="http://www.robertoguillen.com/wp-content/uploads/2020/06/An-Ordinary-Guy-Triptico-55x138-2019.jpg" alt="" width="1250" height="545" srcset="http://www.robertoguillen.com/wp-content/uploads/2020/06/An-Ordinary-Guy-Triptico-55x138-2019.jpg 1250w, http://www.robertoguillen.com/wp-content/uploads/2020/06/An-Ordinary-Guy-Triptico-55x138-2019-300x131.jpg 300w, http://www.robertoguillen.com/wp-content/uploads/2020/06/An-Ordinary-Guy-Triptico-55x138-2019-1024x446.jpg 1024w, http://www.robertoguillen.com/wp-content/uploads/2020/06/An-Ordinary-Guy-Triptico-55x138-2019-768x335.jpg 768w" sizes="(max-width: 1250px) 100vw, 1250px" /></p>
<p style="text-align: center;"><strong>Título: </strong>An Ordinary Guy (Triptico).<br><strong>Medidas:</strong> 55 x 138.<br><strong>Técnica:</strong> Acrílico, Spray y Lápiz sobre tela.<br><strong>Año:</strong> 2019.</p>
<h6 style="text-align: center;">Izq: Estoy borracho, llévame a casa.<br>Centro: Pobre Chico.<br>Derecha: Locos.</h6>
<hr>


<p></p>

<p>Obras Plásticas del año dos mil diecinueve. Sigo explorando el camino que se abrió a finales del año 2017. Me presento ante una superficie en blanco y empiezo a escribir. A expresarme. Por el momento, no hay final. Solo cambios y sintaxis. Título: Pan Rancio y Chupitos de Jagger.Medidas: 210&#215;190.Técnica: Spray&nbsp; sobre tela.Año: 2019. Título:&hellip; <a class="more-link" href="http://www.robertoguillen.com/?page_id=730">Seguir leyendo <span class="screen-reader-text">2019</span></a></p>
