{"id":655,"date":"2018-07-01T18:38:13","date_gmt":"2018-07-01T18:38:13","guid":{"rendered":"http:\/\/www.robertoguillen.com\/?page_id=655"},"modified":"2018-07-01T18:38:13","modified_gmt":"2018-07-01T18:38:13","slug":"2016-2","status":"publish","type":"page","link":"http:\/\/www.robertoguillen.com\/?page_id=655","title":{"rendered":"2016"},"content":{"rendered":"<p style=\"text-align: center;\">\n<hr \/>\n<p><img loading=\"lazy\" class=\"aligncenter size-full wp-image-404\" src=\"http:\/\/www.robertoguillen.com\/wp-content\/uploads\/2016\/08\/Im-Honey-Honey-Honey-120x90-2016.jpg\" alt=\"\" width=\"1200\" height=\"945\" srcset=\"http:\/\/www.robertoguillen.com\/wp-content\/uploads\/2016\/08\/Im-Honey-Honey-Honey-120x90-2016.jpg 1200w, http:\/\/www.robertoguillen.com\/wp-content\/uploads\/2016\/08\/Im-Honey-Honey-Honey-120x90-2016-300x236.jpg 300w, http:\/\/www.robertoguillen.com\/wp-content\/uploads\/2016\/08\/Im-Honey-Honey-Honey-120x90-2016-768x605.jpg 768w, http:\/\/www.robertoguillen.com\/wp-content\/uploads\/2016\/08\/Im-Honey-Honey-Honey-120x90-2016-1024x806.jpg 1024w\" sizes=\"(max-width: 1200px) 100vw, 1200px\" \/><\/p>\n<p style=\"text-align: center;\"><strong>T\u00edtulo:<\/strong> I&#8217;m Honey, Honey, Honey.<br \/>\n<strong>Medidas:<\/strong> 120&#215;90.<br \/>\n<strong>T\u00e9cnica: <\/strong>Acr\u00edlico y Spray sobre Impresi\u00f3n enmarcada.<br \/>\n<strong>A\u00f1o:<\/strong> 2016.<\/p>\n<hr \/>\n","protected":false},"excerpt":{"rendered":"<p>T\u00edtulo: I&#8217;m Honey, Honey, Honey. Medidas: 120&#215;90. T\u00e9cnica: Acr\u00edlico y Spray sobre Impresi\u00f3n enmarcada. A\u00f1o: 2016.<\/p>\n","protected":false},"author":1,"featured_media":0,"parent":0,"menu_order":0,"comment_status":"closed","ping_status":"closed","template":"","meta":[],"_links":{"self":[{"href":"http:\/\/www.robertoguillen.com\/index.php?rest_route=\/wp\/v2\/pages\/655"}],"collection":[{"href":"http:\/\/www.robertoguillen.com\/index.php?rest_route=\/wp\/v2\/pages"}],"about":[{"href":"http:\/\/www.robertoguillen.com\/index.php?rest_route=\/wp\/v2\/types\/page"}],"author":[{"embeddable":true,"href":"http:\/\/www.robertoguillen.com\/index.php?rest_route=\/wp\/v2\/users\/1"}],"replies":[{"embeddable":true,"href":"http:\/\/www.robertoguillen.com\/index.php?rest_route=%2Fwp%2Fv2%2Fcomments&post=655"}],"version-history":[{"count":1,"href":"http:\/\/www.robertoguillen.com\/index.php?rest_route=\/wp\/v2\/pages\/655\/revisions"}],"predecessor-version":[{"id":656,"href":"http:\/\/www.robertoguillen.com\/index.php?rest_route=\/wp\/v2\/pages\/655\/revisions\/656"}],"wp:attachment":[{"href":"http:\/\/www.robertoguillen.com\/index.php?rest_route=%2Fwp%2Fv2%2Fmedia&parent=655"}],"curies":[{"name":"wp","href":"https:\/\/api.w.org\/{rel}","templated":true}]}}