{"id":53,"date":"2016-06-28T20:33:25","date_gmt":"2016-06-28T20:33:25","guid":{"rendered":"http:\/\/www.robertoguillen.com\/?page_id=53"},"modified":"2017-12-18T22:18:49","modified_gmt":"2017-12-18T22:18:49","slug":"geometrias-aleatorias","status":"publish","type":"page","link":"http:\/\/www.robertoguillen.com\/?page_id=53","title":{"rendered":"Geometr\u00edas Aleatorias 2015."},"content":{"rendered":"<p><strong>T\u00edtulo:<\/strong> Geometr\u00edas Aleatorias.<br \/>\n<strong>Medidas:<\/strong> Instalaci\u00f3n. Medidas Variables.<br \/>\n<strong>T\u00e9cnica:<\/strong> Tinta sobre Papel y Boletos de Euromill\u00f3n.<br \/>\n<strong>A\u00f1o:<\/strong> 2015.<\/p>\n<p>Registro y apunte, durante el a\u00f1o 2015, de las diferentes combinaciones aleatorias (azar) del sorteo del Euromillon. Llevadas despu\u00e9s a dos l\u00e1minas (una para n\u00fameros y otra para estrellas) en una escala mayor. Obteniendo de cada combinaci\u00f3n una forma geom\u00e9trica (cerrada) y apil\u00e1ndolas (repetici\u00f3n) una sobre otra hasta completas todas las combinaciones del a\u00f1o.<\/p>\n<p>Colocadas junto a los boletos con dichas jugadas.<\/p>\n<p>Este Proyecto fue seleccionado para participar en CIRCUITOS de ARTES PL\u00c1STICAS de la Comunidad de MAdrid.<\/p>\n<hr \/>\n<p><img loading=\"lazy\" class=\"aligncenter size-full wp-image-54\" src=\"http:\/\/www.robertoguillen.com\/wp-content\/uploads\/2016\/06\/01.-Geometrias-Aleatorias-104-Pent\u00e1gonos-Aleatorios.jpg\" alt=\"01. Geometrias Aleatorias - 104 Pent\u00e1gonos Aleatorios\" width=\"680\" height=\"1024\" srcset=\"http:\/\/www.robertoguillen.com\/wp-content\/uploads\/2016\/06\/01.-Geometrias-Aleatorias-104-Pent\u00e1gonos-Aleatorios.jpg 680w, http:\/\/www.robertoguillen.com\/wp-content\/uploads\/2016\/06\/01.-Geometrias-Aleatorias-104-Pent\u00e1gonos-Aleatorios-199x300.jpg 199w\" sizes=\"(max-width: 680px) 100vw, 680px\" \/> <img loading=\"lazy\" class=\"aligncenter size-full wp-image-55\" src=\"http:\/\/www.robertoguillen.com\/wp-content\/uploads\/2016\/06\/02.-Geometrias-Aleatorias-104-l\u00edneas-Aleatorias.jpg\" alt=\"02. Geometrias Aleatorias - 104 l\u00edneas Aleatorias\" width=\"680\" height=\"1024\" srcset=\"http:\/\/www.robertoguillen.com\/wp-content\/uploads\/2016\/06\/02.-Geometrias-Aleatorias-104-l\u00edneas-Aleatorias.jpg 680w, http:\/\/www.robertoguillen.com\/wp-content\/uploads\/2016\/06\/02.-Geometrias-Aleatorias-104-l\u00edneas-Aleatorias-199x300.jpg 199w\" sizes=\"(max-width: 680px) 100vw, 680px\" \/> <img loading=\"lazy\" class=\"aligncenter size-full wp-image-56\" src=\"http:\/\/www.robertoguillen.com\/wp-content\/uploads\/2016\/06\/03.-Geometrias-Aleatorias-20-Boletos.jpg\" alt=\"03. Geometrias Aleatorias - 20 Boletos\" width=\"680\" height=\"1024\" srcset=\"http:\/\/www.robertoguillen.com\/wp-content\/uploads\/2016\/06\/03.-Geometrias-Aleatorias-20-Boletos.jpg 680w, http:\/\/www.robertoguillen.com\/wp-content\/uploads\/2016\/06\/03.-Geometrias-Aleatorias-20-Boletos-199x300.jpg 199w\" sizes=\"(max-width: 680px) 100vw, 680px\" \/><\/p>\n<hr \/>\n<p style=\"text-align: center;\">.Montaje Final de la Exposici\u00f3n.<\/p>\n<p style=\"text-align: center;\">.Centro de Arte J\u00f3ven de la Comunidad de Madrid.<\/p>\n<p style=\"text-align: center;\"><img loading=\"lazy\" class=\"aligncenter size-full wp-image-145\" src=\"http:\/\/www.robertoguillen.com\/wp-content\/uploads\/2016\/06\/Imagenes_EXPO.jpg\" alt=\"Imagenes_EXPO\" width=\"800\" height=\"1126\" srcset=\"http:\/\/www.robertoguillen.com\/wp-content\/uploads\/2016\/06\/Imagenes_EXPO.jpg 800w, http:\/\/www.robertoguillen.com\/wp-content\/uploads\/2016\/06\/Imagenes_EXPO-213x300.jpg 213w, http:\/\/www.robertoguillen.com\/wp-content\/uploads\/2016\/06\/Imagenes_EXPO-768x1081.jpg 768w, http:\/\/www.robertoguillen.com\/wp-content\/uploads\/2016\/06\/Imagenes_EXPO-728x1024.jpg 728w\" sizes=\"(max-width: 800px) 100vw, 800px\" \/><\/p>\n<p style=\"text-align: center;\">-Las diferentes combinaciones de cada a\u00f1o actual, ya est\u00e1n siendo apuntadas para la realizaci\u00f3n del mismo trabajo en este a\u00f1o. Y en que viene. Y el siguiente&#8230;.<\/p>\n","protected":false},"excerpt":{"rendered":"<p>T\u00edtulo: Geometr\u00edas Aleatorias. Medidas: Instalaci\u00f3n. Medidas Variables. T\u00e9cnica: Tinta sobre Papel y Boletos de Euromill\u00f3n. A\u00f1o: 2015. Registro y apunte, durante el a\u00f1o 2015, de las diferentes combinaciones aleatorias (azar) del sorteo del Euromillon. Llevadas despu\u00e9s a dos l\u00e1minas (una para n\u00fameros y otra para estrellas) en una escala mayor. Obteniendo de cada combinaci\u00f3n una&hellip; <a class=\"more-link\" href=\"http:\/\/www.robertoguillen.com\/?page_id=53\">Seguir leyendo <span class=\"screen-reader-text\">Geometr\u00edas Aleatorias 2015.<\/span><\/a><\/p>\n","protected":false},"author":1,"featured_media":0,"parent":0,"menu_order":0,"comment_status":"closed","ping_status":"closed","template":"","meta":[],"_links":{"self":[{"href":"http:\/\/www.robertoguillen.com\/index.php?rest_route=\/wp\/v2\/pages\/53"}],"collection":[{"href":"http:\/\/www.robertoguillen.com\/index.php?rest_route=\/wp\/v2\/pages"}],"about":[{"href":"http:\/\/www.robertoguillen.com\/index.php?rest_route=\/wp\/v2\/types\/page"}],"author":[{"embeddable":true,"href":"http:\/\/www.robertoguillen.com\/index.php?rest_route=\/wp\/v2\/users\/1"}],"replies":[{"embeddable":true,"href":"http:\/\/www.robertoguillen.com\/index.php?rest_route=%2Fwp%2Fv2%2Fcomments&post=53"}],"version-history":[{"count":7,"href":"http:\/\/www.robertoguillen.com\/index.php?rest_route=\/wp\/v2\/pages\/53\/revisions"}],"predecessor-version":[{"id":511,"href":"http:\/\/www.robertoguillen.com\/index.php?rest_route=\/wp\/v2\/pages\/53\/revisions\/511"}],"wp:attachment":[{"href":"http:\/\/www.robertoguillen.com\/index.php?rest_route=%2Fwp%2Fv2%2Fmedia&parent=53"}],"curies":[{"name":"wp","href":"https:\/\/api.w.org\/{rel}","templated":true}]}}