{"id":39,"date":"2016-06-27T21:38:42","date_gmt":"2016-06-27T21:38:42","guid":{"rendered":"http:\/\/www.robertoguillen.com\/?page_id=39"},"modified":"2016-06-29T17:24:27","modified_gmt":"2016-06-29T17:24:27","slug":"elecciones-jotaene-dieciseis","status":"publish","type":"page","link":"http:\/\/www.robertoguillen.com\/?page_id=39","title":{"rendered":"Cuantificaci\u00f3n: Elecciones 26J"},"content":{"rendered":"<p><strong>T\u00edtulo:<\/strong> Cuantificaci\u00f3n: Elecciones 26J.<br \/>\n<strong>Medidas:<\/strong> Medidas Variables.<br \/>\n<strong>T\u00e9cnica:<\/strong> Digital (por el momento).<br \/>\n<strong>A\u00f1o:<\/strong> 2016.<\/p>\n<p>Cuantificaci\u00f3n de las palabras en los Titulares de la \u00abdiferente\u00a0 prensa\u00bb o \u00abprensa diferente\u00bb de este pais.<br \/>\nEl d\u00eda antes, el d\u00eda durante y el d\u00eda despu\u00e9s.<\/p>\n<hr \/>\n<p>.D\u00eda Antes.<\/p>\n<p><img loading=\"lazy\" class=\"aligncenter size-full wp-image-49\" src=\"http:\/\/www.robertoguillen.com\/wp-content\/uploads\/2016\/06\/Dia-Antes.jpg\" alt=\"Dia Antes\" width=\"900\" height=\"1286\" srcset=\"http:\/\/www.robertoguillen.com\/wp-content\/uploads\/2016\/06\/Dia-Antes.jpg 900w, http:\/\/www.robertoguillen.com\/wp-content\/uploads\/2016\/06\/Dia-Antes-210x300.jpg 210w, http:\/\/www.robertoguillen.com\/wp-content\/uploads\/2016\/06\/Dia-Antes-768x1097.jpg 768w, http:\/\/www.robertoguillen.com\/wp-content\/uploads\/2016\/06\/Dia-Antes-717x1024.jpg 717w\" sizes=\"(max-width: 900px) 100vw, 900px\" \/><\/p>\n<hr \/>\n<p>.D\u00eda Durante.<img loading=\"lazy\" class=\"aligncenter size-full wp-image-50\" src=\"http:\/\/www.robertoguillen.com\/wp-content\/uploads\/2016\/06\/Dia-Durante.jpg\" alt=\"Dia Durante\" width=\"900\" height=\"1286\" srcset=\"http:\/\/www.robertoguillen.com\/wp-content\/uploads\/2016\/06\/Dia-Durante.jpg 900w, http:\/\/www.robertoguillen.com\/wp-content\/uploads\/2016\/06\/Dia-Durante-210x300.jpg 210w, http:\/\/www.robertoguillen.com\/wp-content\/uploads\/2016\/06\/Dia-Durante-768x1097.jpg 768w, http:\/\/www.robertoguillen.com\/wp-content\/uploads\/2016\/06\/Dia-Durante-717x1024.jpg 717w\" sizes=\"(max-width: 900px) 100vw, 900px\" \/><\/p>\n<hr \/>\n<p>.D\u00eda Posterior.<img loading=\"lazy\" class=\"aligncenter size-full wp-image-51\" src=\"http:\/\/www.robertoguillen.com\/wp-content\/uploads\/2016\/06\/Dia-Posterior.jpg\" alt=\"Dia Posterior\" width=\"900\" height=\"1286\" srcset=\"http:\/\/www.robertoguillen.com\/wp-content\/uploads\/2016\/06\/Dia-Posterior.jpg 900w, http:\/\/www.robertoguillen.com\/wp-content\/uploads\/2016\/06\/Dia-Posterior-210x300.jpg 210w, http:\/\/www.robertoguillen.com\/wp-content\/uploads\/2016\/06\/Dia-Posterior-768x1097.jpg 768w, http:\/\/www.robertoguillen.com\/wp-content\/uploads\/2016\/06\/Dia-Posterior-717x1024.jpg 717w\" sizes=\"(max-width: 900px) 100vw, 900px\" \/><\/p>\n<hr \/>\n<p>&nbsp;<\/p>\n","protected":false},"excerpt":{"rendered":"<p>T\u00edtulo: Cuantificaci\u00f3n: Elecciones 26J. Medidas: Medidas Variables. T\u00e9cnica: Digital (por el momento). A\u00f1o: 2016. Cuantificaci\u00f3n de las palabras en los Titulares de la \u00abdiferente\u00a0 prensa\u00bb o \u00abprensa diferente\u00bb de este pais. El d\u00eda antes, el d\u00eda durante y el d\u00eda despu\u00e9s. .D\u00eda Antes. .D\u00eda Durante. .D\u00eda Posterior. &nbsp;<\/p>\n","protected":false},"author":1,"featured_media":0,"parent":0,"menu_order":0,"comment_status":"closed","ping_status":"closed","template":"","meta":[],"_links":{"self":[{"href":"http:\/\/www.robertoguillen.com\/index.php?rest_route=\/wp\/v2\/pages\/39"}],"collection":[{"href":"http:\/\/www.robertoguillen.com\/index.php?rest_route=\/wp\/v2\/pages"}],"about":[{"href":"http:\/\/www.robertoguillen.com\/index.php?rest_route=\/wp\/v2\/types\/page"}],"author":[{"embeddable":true,"href":"http:\/\/www.robertoguillen.com\/index.php?rest_route=\/wp\/v2\/users\/1"}],"replies":[{"embeddable":true,"href":"http:\/\/www.robertoguillen.com\/index.php?rest_route=%2Fwp%2Fv2%2Fcomments&post=39"}],"version-history":[{"count":5,"href":"http:\/\/www.robertoguillen.com\/index.php?rest_route=\/wp\/v2\/pages\/39\/revisions"}],"predecessor-version":[{"id":75,"href":"http:\/\/www.robertoguillen.com\/index.php?rest_route=\/wp\/v2\/pages\/39\/revisions\/75"}],"wp:attachment":[{"href":"http:\/\/www.robertoguillen.com\/index.php?rest_route=%2Fwp%2Fv2%2Fmedia&parent=39"}],"curies":[{"name":"wp","href":"https:\/\/api.w.org\/{rel}","templated":true}]}}

Cuantificación: Elecciones 26J

<p><strong>Título:</strong> Cuantificación: Elecciones 26J.<br />
<strong>Medidas:</strong> Medidas Variables.<br />
<strong>Técnica:</strong> Digital (por el momento).<br />
<strong>Año:</strong> 2016.</p>
<p>Cuantificación de las palabras en los Titulares de la «diferente  prensa» o «prensa diferente» de este pais.<br />
El día antes, el día durante y el día después.</p>
<hr />
<p>.Día Antes.</p>
<p><img loading="lazy" class="aligncenter size-full wp-image-49" src="http://www.robertoguillen.com/wp-content/uploads/2016/06/Dia-Antes.jpg" alt="Dia Antes" width="900" height="1286" srcset="http://www.robertoguillen.com/wp-content/uploads/2016/06/Dia-Antes.jpg 900w, http://www.robertoguillen.com/wp-content/uploads/2016/06/Dia-Antes-210x300.jpg 210w, http://www.robertoguillen.com/wp-content/uploads/2016/06/Dia-Antes-768x1097.jpg 768w, http://www.robertoguillen.com/wp-content/uploads/2016/06/Dia-Antes-717x1024.jpg 717w" sizes="(max-width: 900px) 100vw, 900px" /></p>
<hr />
<p>.Día Durante.<img loading="lazy" class="aligncenter size-full wp-image-50" src="http://www.robertoguillen.com/wp-content/uploads/2016/06/Dia-Durante.jpg" alt="Dia Durante" width="900" height="1286" srcset="http://www.robertoguillen.com/wp-content/uploads/2016/06/Dia-Durante.jpg 900w, http://www.robertoguillen.com/wp-content/uploads/2016/06/Dia-Durante-210x300.jpg 210w, http://www.robertoguillen.com/wp-content/uploads/2016/06/Dia-Durante-768x1097.jpg 768w, http://www.robertoguillen.com/wp-content/uploads/2016/06/Dia-Durante-717x1024.jpg 717w" sizes="(max-width: 900px) 100vw, 900px" /></p>
<hr />
<p>.Día Posterior.<img loading="lazy" class="aligncenter size-full wp-image-51" src="http://www.robertoguillen.com/wp-content/uploads/2016/06/Dia-Posterior.jpg" alt="Dia Posterior" width="900" height="1286" srcset="http://www.robertoguillen.com/wp-content/uploads/2016/06/Dia-Posterior.jpg 900w, http://www.robertoguillen.com/wp-content/uploads/2016/06/Dia-Posterior-210x300.jpg 210w, http://www.robertoguillen.com/wp-content/uploads/2016/06/Dia-Posterior-768x1097.jpg 768w, http://www.robertoguillen.com/wp-content/uploads/2016/06/Dia-Posterior-717x1024.jpg 717w" sizes="(max-width: 900px) 100vw, 900px" /></p>
<hr />
<p>&nbsp;</p>

<p>Título: Cuantificación: Elecciones 26J. Medidas: Medidas Variables. Técnica: Digital (por el momento). Año: 2016. Cuantificación de las palabras en los Titulares de la «diferente  prensa» o «prensa diferente» de este pais. El día antes, el día durante y el día después. .Día Antes. .Día Durante. .Día Posterior. &nbsp;</p>
