{"id":293,"date":"2017-01-11T22:40:12","date_gmt":"2017-01-11T22:40:12","guid":{"rendered":"http:\/\/www.robertoguillen.com\/?page_id=293"},"modified":"2020-09-29T18:51:42","modified_gmt":"2020-09-29T18:51:42","slug":"34-circulos-de-125-centimetros-papaoutai","status":"publish","type":"page","link":"http:\/\/www.robertoguillen.com\/?page_id=293","title":{"rendered":"Papaoutai."},"content":{"rendered":"<p><strong>T\u00edtulo:<\/strong> 34 C\u00edrculos de 125 Cent\u00edmetros (Papaoutai).<br \/>\n<strong>Medidas:<\/strong> 150 x 150.<br \/>\n<strong>T\u00e9cnica:<\/strong> Impresi\u00f3n Digital.<br \/>\n<strong>A\u00f1o:<\/strong> 2017.<\/p>\n<p>Repetici\u00f3n treinta y cuatro veces (mi edad en su fecha de realizaci\u00f3n) de un c\u00edrculo perfecto de 1 punto de grosor, realizado mediante un programa de dibujo vectorial. S\u00f3lo uno de ellos est\u00e1 colocado en el centro perfecto de la hoja. Los dem\u00e1s tiene una colocaci\u00f3n descentrada.<\/p>\n<p>&nbsp;<\/p>\n<p><img loading=\"lazy\" class=\"aligncenter size-full wp-image-295\" src=\"http:\/\/www.robertoguillen.com\/wp-content\/uploads\/2017\/01\/34C\u00edrculosDe125CmsSobre150.jpg\" alt=\"\" width=\"4254\" height=\"4254\" srcset=\"http:\/\/www.robertoguillen.com\/wp-content\/uploads\/2017\/01\/34C\u00edrculosDe125CmsSobre150.jpg 4254w, http:\/\/www.robertoguillen.com\/wp-content\/uploads\/2017\/01\/34C\u00edrculosDe125CmsSobre150-150x150.jpg 150w, http:\/\/www.robertoguillen.com\/wp-content\/uploads\/2017\/01\/34C\u00edrculosDe125CmsSobre150-300x300.jpg 300w, http:\/\/www.robertoguillen.com\/wp-content\/uploads\/2017\/01\/34C\u00edrculosDe125CmsSobre150-768x768.jpg 768w, http:\/\/www.robertoguillen.com\/wp-content\/uploads\/2017\/01\/34C\u00edrculosDe125CmsSobre150-1024x1024.jpg 1024w\" sizes=\"(max-width: 4254px) 100vw, 4254px\" \/><\/p>\n","protected":false},"excerpt":{"rendered":"<p>T\u00edtulo: 34 C\u00edrculos de 125 Cent\u00edmetros (Papaoutai). Medidas: 150 x 150. T\u00e9cnica: Impresi\u00f3n Digital. A\u00f1o: 2017. Repetici\u00f3n treinta y cuatro veces (mi edad en su fecha de realizaci\u00f3n) de un c\u00edrculo perfecto de 1 punto de grosor, realizado mediante un programa de dibujo vectorial. S\u00f3lo uno de ellos est\u00e1 colocado en el centro perfecto de&hellip; <a class=\"more-link\" href=\"http:\/\/www.robertoguillen.com\/?page_id=293\">Seguir leyendo <span class=\"screen-reader-text\">Papaoutai.<\/span><\/a><\/p>\n","protected":false},"author":1,"featured_media":0,"parent":0,"menu_order":0,"comment_status":"closed","ping_status":"closed","template":"","meta":[],"_links":{"self":[{"href":"http:\/\/www.robertoguillen.com\/index.php?rest_route=\/wp\/v2\/pages\/293"}],"collection":[{"href":"http:\/\/www.robertoguillen.com\/index.php?rest_route=\/wp\/v2\/pages"}],"about":[{"href":"http:\/\/www.robertoguillen.com\/index.php?rest_route=\/wp\/v2\/types\/page"}],"author":[{"embeddable":true,"href":"http:\/\/www.robertoguillen.com\/index.php?rest_route=\/wp\/v2\/users\/1"}],"replies":[{"embeddable":true,"href":"http:\/\/www.robertoguillen.com\/index.php?rest_route=%2Fwp%2Fv2%2Fcomments&post=293"}],"version-history":[{"count":5,"href":"http:\/\/www.robertoguillen.com\/index.php?rest_route=\/wp\/v2\/pages\/293\/revisions"}],"predecessor-version":[{"id":857,"href":"http:\/\/www.robertoguillen.com\/index.php?rest_route=\/wp\/v2\/pages\/293\/revisions\/857"}],"wp:attachment":[{"href":"http:\/\/www.robertoguillen.com\/index.php?rest_route=%2Fwp%2Fv2%2Fmedia&parent=293"}],"curies":[{"name":"wp","href":"https:\/\/api.w.org\/{rel}","templated":true}]}}