{"id":290,"date":"2017-01-06T16:52:00","date_gmt":"2017-01-06T16:52:00","guid":{"rendered":"http:\/\/www.robertoguillen.com\/?page_id=290"},"modified":"2017-06-04T13:35:29","modified_gmt":"2017-06-04T13:35:29","slug":"geometrias-aleatorias-2016","status":"publish","type":"page","link":"http:\/\/www.robertoguillen.com\/?page_id=290","title":{"rendered":"Geometr\u00edas Aleatorias 2016."},"content":{"rendered":"<p><strong>T\u00edtulo:<\/strong> Geometr\u00edas Aleatorias 2016.<br \/>\n<strong>Medidas:<\/strong> Instalaci\u00f3n. Medidas Variables.<br \/>\n<strong>T\u00e9cnica:<\/strong> Tinta sobre Papel y Boletos de Euromill\u00f3n.<br \/>\n<strong>A\u00f1o:<\/strong> 2017.<\/p>\n<p>Registro y apunte, durante el a\u00f1o 2016, de las diferentes combinaciones aleatorias (azar) del sorteo del Euromillon. Llevadas despu\u00e9s a dos l\u00e1minas (una para n\u00fameros y otra para estrellas) en una escala mayor. Obteniendo de cada combinaci\u00f3n una forma geom\u00e9trica (cerrada) y apil\u00e1ndolas (repetici\u00f3n) una sobre otra hasta completas todas las combinaciones del a\u00f1o.<\/p>\n<hr \/>\n<p><img loading=\"lazy\" class=\"aligncenter size-full wp-image-318\" src=\"http:\/\/www.robertoguillen.com\/wp-content\/uploads\/2017\/01\/Geometr\u00edas-Aleatorias-2016-N\u00fameros.jpg\" alt=\"\" width=\"662\" height=\"996\" srcset=\"http:\/\/www.robertoguillen.com\/wp-content\/uploads\/2017\/01\/Geometr\u00edas-Aleatorias-2016-N\u00fameros.jpg 662w, http:\/\/www.robertoguillen.com\/wp-content\/uploads\/2017\/01\/Geometr\u00edas-Aleatorias-2016-N\u00fameros-199x300.jpg 199w\" sizes=\"(max-width: 662px) 100vw, 662px\" \/><\/p>\n<p style=\"text-align: center;\">.GEOMETR\u00cdAS ALEATORIAS 2016. N\u00fameros.<br \/>\n.Tinta sobre Papel. 100&#215;70. 2017.<\/p>\n<hr \/>\n<p><img loading=\"lazy\" class=\"aligncenter size-full wp-image-319\" src=\"http:\/\/www.robertoguillen.com\/wp-content\/uploads\/2017\/01\/Geometr\u00edas-Aleatorias-2016-Estrellas.jpg\" alt=\"\" width=\"662\" height=\"996\" srcset=\"http:\/\/www.robertoguillen.com\/wp-content\/uploads\/2017\/01\/Geometr\u00edas-Aleatorias-2016-Estrellas.jpg 662w, http:\/\/www.robertoguillen.com\/wp-content\/uploads\/2017\/01\/Geometr\u00edas-Aleatorias-2016-Estrellas-199x300.jpg 199w\" sizes=\"(max-width: 662px) 100vw, 662px\" \/><\/p>\n<p style=\"text-align: center;\">.GEOMETR\u00cdAS ALEATORIAS 2016. Estrellas.<br \/>\n.Tinta sobre Papel. 100&#215;70. 2017.<\/p>\n","protected":false},"excerpt":{"rendered":"<p>T\u00edtulo: Geometr\u00edas Aleatorias 2016. Medidas: Instalaci\u00f3n. Medidas Variables. T\u00e9cnica: Tinta sobre Papel y Boletos de Euromill\u00f3n. A\u00f1o: 2017. Registro y apunte, durante el a\u00f1o 2016, de las diferentes combinaciones aleatorias (azar) del sorteo del Euromillon. Llevadas despu\u00e9s a dos l\u00e1minas (una para n\u00fameros y otra para estrellas) en una escala mayor. Obteniendo de cada combinaci\u00f3n&hellip; <a class=\"more-link\" href=\"http:\/\/www.robertoguillen.com\/?page_id=290\">Seguir leyendo <span class=\"screen-reader-text\">Geometr\u00edas Aleatorias 2016.<\/span><\/a><\/p>\n","protected":false},"author":1,"featured_media":0,"parent":0,"menu_order":0,"comment_status":"closed","ping_status":"closed","template":"","meta":[],"_links":{"self":[{"href":"http:\/\/www.robertoguillen.com\/index.php?rest_route=\/wp\/v2\/pages\/290"}],"collection":[{"href":"http:\/\/www.robertoguillen.com\/index.php?rest_route=\/wp\/v2\/pages"}],"about":[{"href":"http:\/\/www.robertoguillen.com\/index.php?rest_route=\/wp\/v2\/types\/page"}],"author":[{"embeddable":true,"href":"http:\/\/www.robertoguillen.com\/index.php?rest_route=\/wp\/v2\/users\/1"}],"replies":[{"embeddable":true,"href":"http:\/\/www.robertoguillen.com\/index.php?rest_route=%2Fwp%2Fv2%2Fcomments&post=290"}],"version-history":[{"count":4,"href":"http:\/\/www.robertoguillen.com\/index.php?rest_route=\/wp\/v2\/pages\/290\/revisions"}],"predecessor-version":[{"id":321,"href":"http:\/\/www.robertoguillen.com\/index.php?rest_route=\/wp\/v2\/pages\/290\/revisions\/321"}],"wp:attachment":[{"href":"http:\/\/www.robertoguillen.com\/index.php?rest_route=%2Fwp%2Fv2%2Fmedia&parent=290"}],"curies":[{"name":"wp","href":"https:\/\/api.w.org\/{rel}","templated":true}]}}