{"id":209,"date":"2016-08-31T21:04:32","date_gmt":"2016-08-31T21:04:32","guid":{"rendered":"http:\/\/www.robertoguillen.com\/?page_id=209"},"modified":"2017-12-18T21:35:23","modified_gmt":"2017-12-18T21:35:23","slug":"repeticion","status":"publish","type":"page","link":"http:\/\/www.robertoguillen.com\/?page_id=209","title":{"rendered":"REPETICIONES"},"content":{"rendered":"<p>Una de las l\u00edneas de investigaci\u00f3n que desarrollo es la de <strong>la Repetici\u00f3n<\/strong>. Como <em>sistema de creaci\u00f3n art\u00edstica<\/em>. Uni\u00e9ndola con la idea de <em>Registro y Tiempo<\/em>. Desde un punto de vista rutinario, repito la misma acci\u00f3n registrando tanto el n\u00famero de repeticiones (<em>cuantificaci\u00f3n<\/em>) como la duraci\u00f3n de las mismas ese d\u00eda (<em>medida de tiempo<\/em>).<br \/>\nEstos son algunos otros trabajos.<\/p>\n<hr \/>\n<p><img loading=\"lazy\" class=\"aligncenter size-full wp-image-211\" src=\"http:\/\/www.robertoguillen.com\/wp-content\/uploads\/2016\/08\/LosExiliados.jpg\" alt=\"LosExiliados\" width=\"768\" height=\"1024\" srcset=\"http:\/\/www.robertoguillen.com\/wp-content\/uploads\/2016\/08\/LosExiliados.jpg 768w, http:\/\/www.robertoguillen.com\/wp-content\/uploads\/2016\/08\/LosExiliados-225x300.jpg 225w\" sizes=\"(max-width: 768px) 100vw, 768px\" \/><\/p>\n<p style=\"text-align: center;\"><strong>T\u00edtulo:<\/strong> Los Exiliados.<br \/>\n<strong>Medidas:<\/strong> 100&#215;70.<br \/>\n<strong>T\u00e9cnica: <\/strong>Tinta sobre Papel.<br \/>\n<strong>A\u00f1o:<\/strong> 2015.<\/p>\n<p style=\"text-align: center;\"><img loading=\"lazy\" class=\"aligncenter size-full wp-image-210\" src=\"http:\/\/www.robertoguillen.com\/wp-content\/uploads\/2016\/08\/Los-Exiliados-Detalle.jpg\" alt=\"Los Exiliados - Detalle\" width=\"768\" height=\"512\" srcset=\"http:\/\/www.robertoguillen.com\/wp-content\/uploads\/2016\/08\/Los-Exiliados-Detalle.jpg 768w, http:\/\/www.robertoguillen.com\/wp-content\/uploads\/2016\/08\/Los-Exiliados-Detalle-300x200.jpg 300w\" sizes=\"(max-width: 768px) 100vw, 768px\" \/><\/p>\n<p style=\"text-align: center;\">Los Exiliados. Detalle.<\/p>\n<hr \/>\n<p style=\"text-align: center;\"><img loading=\"lazy\" class=\"aligncenter size-full wp-image-212\" src=\"http:\/\/www.robertoguillen.com\/wp-content\/uploads\/2016\/08\/1740Plegarias.jpg\" alt=\"1740Plegarias\" width=\"768\" height=\"1024\" srcset=\"http:\/\/www.robertoguillen.com\/wp-content\/uploads\/2016\/08\/1740Plegarias.jpg 768w, http:\/\/www.robertoguillen.com\/wp-content\/uploads\/2016\/08\/1740Plegarias-225x300.jpg 225w\" sizes=\"(max-width: 768px) 100vw, 768px\" \/><\/p>\n<p style=\"text-align: center;\"><strong>T\u00edtulo:<\/strong> 1740 Plegarias.<br \/>\n<strong>Medidas:<\/strong> 100&#215;70.<br \/>\n<strong>T\u00e9cnica: <\/strong>Tinta sobre Papel.<br \/>\n<strong>A\u00f1o:<\/strong> 2015.<\/p>\n<p style=\"text-align: center;\"><img loading=\"lazy\" class=\"aligncenter size-full wp-image-213\" src=\"http:\/\/www.robertoguillen.com\/wp-content\/uploads\/2016\/08\/1740Plegarias-Detalle.jpg\" alt=\"1740Plegarias-Detalle\" width=\"768\" height=\"512\" srcset=\"http:\/\/www.robertoguillen.com\/wp-content\/uploads\/2016\/08\/1740Plegarias-Detalle.jpg 768w, http:\/\/www.robertoguillen.com\/wp-content\/uploads\/2016\/08\/1740Plegarias-Detalle-300x200.jpg 300w\" sizes=\"(max-width: 768px) 100vw, 768px\" \/><\/p>\n<p style=\"text-align: center;\">1740 PLegarias. Detalle.<\/p>\n<hr \/>\n<p style=\"text-align: center;\"><img loading=\"lazy\" class=\"aligncenter size-full wp-image-219\" src=\"http:\/\/www.robertoguillen.com\/wp-content\/uploads\/2016\/08\/4779FormasdelSer.jpg\" alt=\"4779FormasdelSer\" width=\"768\" height=\"1024\" srcset=\"http:\/\/www.robertoguillen.com\/wp-content\/uploads\/2016\/08\/4779FormasdelSer.jpg 768w, http:\/\/www.robertoguillen.com\/wp-content\/uploads\/2016\/08\/4779FormasdelSer-225x300.jpg 225w\" sizes=\"(max-width: 768px) 100vw, 768px\" \/><strong>T\u00edtulo:<\/strong> 4779 Formas del Ser.<br \/>\n<strong>Medidas:<\/strong> 100&#215;70.<br \/>\n<strong>T\u00e9cnica: <\/strong>Bol\u00edgrafo de gel dorado sobre Papel.<br \/>\n<strong>A\u00f1o:<\/strong> 2015.<\/p>\n<p style=\"text-align: center;\"><img loading=\"lazy\" class=\"aligncenter size-full wp-image-221\" src=\"http:\/\/www.robertoguillen.com\/wp-content\/uploads\/2016\/08\/4779FormasdelSer-Detalle.jpg\" alt=\"4779FormasdelSer-Detalle\" width=\"768\" height=\"512\" srcset=\"http:\/\/www.robertoguillen.com\/wp-content\/uploads\/2016\/08\/4779FormasdelSer-Detalle.jpg 768w, http:\/\/www.robertoguillen.com\/wp-content\/uploads\/2016\/08\/4779FormasdelSer-Detalle-300x200.jpg 300w\" sizes=\"(max-width: 768px) 100vw, 768px\" \/> 4779 Formas del Ser. Detalle.<\/p>\n<hr \/>\n<p style=\"text-align: center;\"><img loading=\"lazy\" class=\"aligncenter size-full wp-image-223\" src=\"http:\/\/www.robertoguillen.com\/wp-content\/uploads\/2016\/08\/Demasiada-Charla.jpg\" alt=\"Demasiada Charla\" width=\"1024\" height=\"768\" srcset=\"http:\/\/www.robertoguillen.com\/wp-content\/uploads\/2016\/08\/Demasiada-Charla.jpg 1024w, http:\/\/www.robertoguillen.com\/wp-content\/uploads\/2016\/08\/Demasiada-Charla-300x225.jpg 300w, http:\/\/www.robertoguillen.com\/wp-content\/uploads\/2016\/08\/Demasiada-Charla-768x576.jpg 768w\" sizes=\"(max-width: 1024px) 100vw, 1024px\" \/><strong>T\u00edtulo:<\/strong> Demasiada Charla.<br \/>\n<strong>Medidas:<\/strong> 100&#215;70.<br \/>\n<strong>T\u00e9cnica: <\/strong>Spray sobre Papel.<br \/>\n<strong>A\u00f1o:<\/strong> 2015.<\/p>\n<p style=\"text-align: center;\"><img loading=\"lazy\" class=\"aligncenter size-full wp-image-224\" src=\"http:\/\/www.robertoguillen.com\/wp-content\/uploads\/2016\/08\/HyHy.jpg\" alt=\"HyHy\" width=\"1024\" height=\"768\" srcset=\"http:\/\/www.robertoguillen.com\/wp-content\/uploads\/2016\/08\/HyHy.jpg 1024w, http:\/\/www.robertoguillen.com\/wp-content\/uploads\/2016\/08\/HyHy-300x225.jpg 300w, http:\/\/www.robertoguillen.com\/wp-content\/uploads\/2016\/08\/HyHy-768x576.jpg 768w\" sizes=\"(max-width: 1024px) 100vw, 1024px\" \/><\/p>\n<p style=\"text-align: center;\"><strong>T\u00edtulo:<\/strong> HyHy.<br \/>\n<strong>Medidas:<\/strong> 100&#215;70.<br \/>\n<strong>T\u00e9cnica:<\/strong> Spray sobre Papel.<br \/>\n<strong>A\u00f1o:<\/strong> 2015.<\/p>\n<p style=\"text-align: center;\"><img loading=\"lazy\" class=\"aligncenter size-full wp-image-225\" src=\"http:\/\/www.robertoguillen.com\/wp-content\/uploads\/2016\/08\/WhatABeautifulThing.jpg\" alt=\"WhatABeautifulThing\" width=\"1024\" height=\"768\" srcset=\"http:\/\/www.robertoguillen.com\/wp-content\/uploads\/2016\/08\/WhatABeautifulThing.jpg 1024w, http:\/\/www.robertoguillen.com\/wp-content\/uploads\/2016\/08\/WhatABeautifulThing-300x225.jpg 300w, http:\/\/www.robertoguillen.com\/wp-content\/uploads\/2016\/08\/WhatABeautifulThing-768x576.jpg 768w\" sizes=\"(max-width: 1024px) 100vw, 1024px\" \/><\/p>\n<p style=\"text-align: center;\"><strong>T\u00edtulo:<\/strong> What a beautiful thing.<br \/>\n<strong>Medidas:<\/strong> 100&#215;70.<br \/>\n<strong>T\u00e9cnica:<\/strong> Spray sobre Papel.<br \/>\n<strong>A\u00f1o:<\/strong> 2015.<\/p>\n<hr \/>\n<p style=\"text-align: center;\"><img loading=\"lazy\" class=\"aligncenter size-full wp-image-226\" src=\"http:\/\/www.robertoguillen.com\/wp-content\/uploads\/2016\/08\/WhileWeAreYoung.jpg\" alt=\"WhileWeAreYoung\" width=\"768\" height=\"1024\" srcset=\"http:\/\/www.robertoguillen.com\/wp-content\/uploads\/2016\/08\/WhileWeAreYoung.jpg 768w, http:\/\/www.robertoguillen.com\/wp-content\/uploads\/2016\/08\/WhileWeAreYoung-225x300.jpg 225w\" sizes=\"(max-width: 768px) 100vw, 768px\" \/><\/p>\n<p style=\"text-align: center;\"><strong>T\u00edtulo:<\/strong> While We Are Young.<br \/>\n<strong>Medidas:<\/strong> 100&#215;70.<br \/>\n<strong>T\u00e9cnica:<\/strong> Spray sobre Tela.<br \/>\n<strong>A\u00f1o:<\/strong> 2015.<\/p>\n<hr \/>\n<p style=\"text-align: center;\"><img loading=\"lazy\" class=\"aligncenter size-full wp-image-227\" src=\"http:\/\/www.robertoguillen.com\/wp-content\/uploads\/2016\/08\/1000DiamantesSinOrdenAparente.jpg\" alt=\"1000DiamantesSinOrdenAparente\" width=\"768\" height=\"1024\" srcset=\"http:\/\/www.robertoguillen.com\/wp-content\/uploads\/2016\/08\/1000DiamantesSinOrdenAparente.jpg 768w, http:\/\/www.robertoguillen.com\/wp-content\/uploads\/2016\/08\/1000DiamantesSinOrdenAparente-225x300.jpg 225w\" sizes=\"(max-width: 768px) 100vw, 768px\" \/><\/p>\n<p style=\"text-align: center;\"><strong>T\u00edtulo:<\/strong> 1000 Diamantes sin orden aparente.<br \/>\n<strong>Medidas:<\/strong> 100&#215;70.<br \/>\n<strong>T\u00e9cnica:<\/strong> Tamp\u00f3n sobre Papel.<br \/>\n<strong>A\u00f1o:<\/strong> 2015.<\/p>\n<p style=\"text-align: center;\"><img loading=\"lazy\" class=\"aligncenter size-full wp-image-228\" src=\"http:\/\/www.robertoguillen.com\/wp-content\/uploads\/2016\/08\/1000DiamantesSinOrdenAparente-Detalle.jpg\" alt=\"1000DiamantesSinOrdenAparente-Detalle\" width=\"768\" height=\"512\" srcset=\"http:\/\/www.robertoguillen.com\/wp-content\/uploads\/2016\/08\/1000DiamantesSinOrdenAparente-Detalle.jpg 768w, http:\/\/www.robertoguillen.com\/wp-content\/uploads\/2016\/08\/1000DiamantesSinOrdenAparente-Detalle-300x200.jpg 300w\" sizes=\"(max-width: 768px) 100vw, 768px\" \/><\/p>\n<p style=\"text-align: center;\">1000 Diamantes sin orden aparente. Detalle.<\/p>\n<hr \/>\n<p style=\"text-align: center;\">\n","protected":false},"excerpt":{"rendered":"<p>Una de las l\u00edneas de investigaci\u00f3n que desarrollo es la de la Repetici\u00f3n. Como sistema de creaci\u00f3n art\u00edstica. Uni\u00e9ndola con la idea de Registro y Tiempo. Desde un punto de vista rutinario, repito la misma acci\u00f3n registrando tanto el n\u00famero de repeticiones (cuantificaci\u00f3n) como la duraci\u00f3n de las mismas ese d\u00eda (medida de tiempo). Estos&hellip; <a class=\"more-link\" href=\"http:\/\/www.robertoguillen.com\/?page_id=209\">Seguir leyendo <span class=\"screen-reader-text\">REPETICIONES<\/span><\/a><\/p>\n","protected":false},"author":1,"featured_media":0,"parent":0,"menu_order":0,"comment_status":"closed","ping_status":"closed","template":"","meta":[],"_links":{"self":[{"href":"http:\/\/www.robertoguillen.com\/index.php?rest_route=\/wp\/v2\/pages\/209"}],"collection":[{"href":"http:\/\/www.robertoguillen.com\/index.php?rest_route=\/wp\/v2\/pages"}],"about":[{"href":"http:\/\/www.robertoguillen.com\/index.php?rest_route=\/wp\/v2\/types\/page"}],"author":[{"embeddable":true,"href":"http:\/\/www.robertoguillen.com\/index.php?rest_route=\/wp\/v2\/users\/1"}],"replies":[{"embeddable":true,"href":"http:\/\/www.robertoguillen.com\/index.php?rest_route=%2Fwp%2Fv2%2Fcomments&post=209"}],"version-history":[{"count":8,"href":"http:\/\/www.robertoguillen.com\/index.php?rest_route=\/wp\/v2\/pages\/209\/revisions"}],"predecessor-version":[{"id":451,"href":"http:\/\/www.robertoguillen.com\/index.php?rest_route=\/wp\/v2\/pages\/209\/revisions\/451"}],"wp:attachment":[{"href":"http:\/\/www.robertoguillen.com\/index.php?rest_route=%2Fwp%2Fv2%2Fmedia&parent=209"}],"curies":[{"name":"wp","href":"https:\/\/api.w.org\/{rel}","templated":true}]}}